*2 + 16*t + 53. Let p(r) = -3*r**2 - 81*r + 18. Let o be p(-27). Let y be a(o). What is the greatest common factor of 17 and y?
17
Let h = 1490 - 445. Suppose -40*j = -51*j + h. What is the greatest common divisor of 5 and j?
5
Suppose -50*b - 2703 = -53*b. Calculate the greatest common divisor of 848 and b.
53
Let h(m) = -3*m - 14 + 32 - 1 + 5*m. Let a be h(-12). Let b be (a + 1)/(-2 + 122/64). What is the highest common divisor of b and 32?
32
Suppose 18393 = 19*v + 438. Calculate the highest common divisor of 6405 and v.
105
Let c(p) = -8*p**2 + 92*p - 5. Let r be c(11). What is the greatest common divisor of r and 84?
3
Let f(a) = a**2 + 2*a - 43. Let t be f(5). Let j be (1286/t + -2)/(126/(-336)). What is the greatest common factor of j and 62?
62
Let s be ((-6)/3 - 571)*46/46. Let l = s - -1263. Calculate the greatest common factor of 46 and l.
46
Let r(i) = 3*i**2 - 232. Let f be r(-12). Calculate the highest common divisor of f and 60.
20
Suppose 17*u - 5*u - 150 = -13*u. Calculate the highest common factor of 2 and u.
2
Let b = 36 + 47. Let t be (-83)/(-2)*(-10 + 60 + -12). What is the highest common factor of t and b?
83
Let o be ((-59)/4)/((63/48)/(-21)). Let p = 240 - o. What is the greatest common divisor of 44 and p?
4
Let m be ((-3)/(-1) - 1)/(8/(-536)). Let y = m - -188. What is the highest common divisor of 45 and y?
9
Let d be ((-7313)/(-213))/(2/168) + -9. Calculate the highest common factor of d and 1035.
115
Let y be (-33)/(((-280)/36 - -8) + (-31)/18). Calculate the greatest common factor of 44 and y.
22
Let u(f) = 32*f**2 - 2*f. Let i be u(2). Let x = 195385 - 194951. Calculate the highest common divisor of i and x.
62
Let m be 6/(-12) - (0 - 15/6). Let n(x) = 8*x + 1. Let f be n(m). Suppose -2475 = -f*l + 1095. Calculate the greatest common divisor of 42 and l.
42
Let r be (-39)/13*20/(-6). Let z be 233 + 0 - -2 - 5. Calculate the greatest common factor of z and r.
10
Suppose 3*s + 5*r = 378, -6 = -37*r + 36*r. Calculate the greatest common divisor of 1334 and s.
58
Suppose 2*y - 256 = 4*k, -163 = -y - 3*k - 2*k. Let n be 4 - y*4/(-6). Calculate the greatest common divisor of 6 and n.
6
Let g be -50*2*(-1)/(-4). Let t(m) = -113*m - 241. Let z be t(-2). Let r = z - g. Calculate the highest common divisor of r and 20.
10
Suppose t + 0 - 5 = 0. Let r(g) be the first derivative of 2*g**3 - 5*g**2 + 26*g - 138. Let a be r(t). What is the highest common divisor of a and 14?
14
Let o(i) = 7*i - 11. Let t be o(3). Let w be (-161)/(-5) - 2/t. Let m be w/14 + -2 - (-8460)/35. Calculate the highest common divisor of m and 22.
22
Let l(t) = -4*t**3 - 8*t**2 - 51*t - 5. Let u be l(-4). Calculate the highest common divisor of u and 21.
3
Let l be ((-5404)/84 - -55)/(4/(-9)). Let b(t) = 12*t**2 - 5*t - 2. Let a be b(-4). Let j be (0 + -1)*a/(-2). What is the highest common factor of j and l?
21
Let v = 981 - 969. Suppose -198 = c - 7*c. Let x = c - 21. Calculate the highest common factor of v and x.
12
Suppose 5*k + 5*r = 890, 3*k - 2*r + 0*r = 524. Suppose 2*v - j - 16 = 0, -156 = -950*v + 949*v - 18*j. What is the greatest common factor of k and v?
4
Suppose 202*j + 15 = 207*j, 2*p - 1349 = 5*j. What is the greatest common divisor of p and 220?
22
Let x be (-6)/9 - 32/6. Let z be -5 + 36 + 42/x. Suppose 4*a + 11 - 107 = 0. Calculate the highest common divisor of a and z.
24
Let b be (-56)/(-8) + (-5 - (-1 + -1)). Let j(o) = 8*o - o + 10 + o**3 + 1 - 3 - 8*o**2. Let k be j(7). Calculate the highest common divisor of k and b.
4
Let p = 183 + 334. Suppose 0 = 5*w - 95*w + 4230. What is the greatest common factor of w and p?
47
Suppose 5*n + f = 5*f - 3983, n + 805 = 5*f. Let g = n + 1334. What is the highest common divisor of g and 11?
11
Let c = 149 + 84. Let x = c + -170. What is the greatest common factor of x and 21?
21
Let l be (-15)/(-4)*8512/336. What is the greatest common divisor of 10165 and l?
95
Suppose -102*l + 2700 = -29*l + 17*l. What is the greatest common divisor of 3195 and l?
15
Let d(w) = 18*w**2 + 15*w + 28. Let g = 739 + -741. Let o be d(g). Calculate the highest common factor of o and 20.
10
Let c be (9720/(-1890))/((-2)/91). What is the highest common divisor of c and 806?
26
Let m = 38 - 42. Let k be (m/(-3))/(40/30). Let g be 208 + k/(2 - 3). Calculate the greatest common divisor of g and 23.
23
Let k be ((-3408)/497)/((-2)/21). Calculate the highest common factor of 696 and k.
24
Let x = -24 + 26. Let h(d) = 0*d**x + 9*d**2 + 8*d**2 - 3*d - 2. Let m be h(-2). What is the highest common factor of 9 and m?
9
Suppose -25*s + 23 = -142 - 10. Suppose -4*i = -3*i + 7. Let y be (-47)/i - (-6)/21. What is the highest common factor of s and y?
7
Suppose 140*p + 138092 = 219*p. Calculate the highest common divisor of p and 608.
76
Let i(h) = -254*h + 413. Let s be i(0). Calculate the highest common factor of 21 and s.
7
Let x(h) = -4*h**2 + 205*h - 55. Let d be x(50). What is the greatest common divisor of 45 and d?
15
Let v be 226/(-7) + 32 + 34981/7 + 1. What is the highest common divisor of v and 306?
102
Let m(t) = -24*t - 92. Suppose 0*b + 16*b + 96 = 0. Let s be m(b). Calculate the highest common factor of s and 156.
52
Let v(g) = -55*g - 1218. Let s be v(-26). Calculate the highest common divisor of 159 and s.
53
Let x(k) = 5*k - 63. Let v be x(11). Let r(u) = -4 - u + 0*u + 0*u + 0*u. Let a be r(v). What is the greatest common divisor of a and 20?
4
Suppose -s = -2*s - s. Suppose -4*b = -3*l - 23, s = l - 0*l + 2*b - 9. Let n be (-8 - 4)*l*6. Calculate the highest common factor of 9 and n.
9
Let b(o) = -45*o**2 + 7*o - 14. Let j be b(2). Let q be -4*(-5)/(j/(-387)). What is the highest common divisor of q and 215?
43
Suppose 5*b + 4*m = 17200, -8*m + 5*m = 5*b - 17205. What is the greatest common divisor of b and 84?
84
Let r(a) = 8*a**2 - a + 3. Let t be r(-4). Let l(q) = -13*q**2 - 4*q + 2. Let x be l(-5). Let p = 318 + x. Calculate the highest common divisor of t and p.
15
Let z(m) = m**3 + 6*m**2 - 9*m - 9. Let g be z(-7). Suppose 4*l = 3*y + 21, -4*l + 0*y + g*y = -11. Calculate the greatest common factor of 3 and l.
3
Let b = -24666 + 24732. Calculate the highest common factor of b and 3278.
22
Let y be 10*1902/12 - (17 - 5). What is the greatest common divisor of y and 2288?
143
Let f(p) = p**2 + 11*p - 1427. Let y be f(-45). Calculate the greatest common divisor of y and 13184.
103
Suppose 620*g = 401*g + 42924. Let t be (-58)/(-1) + 8/(-4). Calculate the highest common divisor of g and t.
28
Let a be (-156215)/(-20) - 77/(-308). What is the highest common factor of a and 146?
73
Let k = 12937 - 10064. What is the highest common divisor of 17 and k?
17
Let b(z) = -3699*z**3 - 4*z**2 - 83*z - 80. Let h be b(-1). Calculate the greatest common factor of 602 and h.
86
Suppose -20*v + 1350 = 930. What is the greatest common divisor of 2 and v?
1
Suppose 2*x + 130 = -4*g + 384, -2*g + 124 = 4*x. Suppose g = 3*u - u. Suppose -u = -4*m - 0*m. What is the highest common factor of m and 56?
8
Let g be -3 + 5/(25/40). Suppose v = g, 4*z - 1735 = -z + v. Suppose 0 = -9*s + z - 6. What is the greatest common factor of 38 and s?
38
Let p(l) = 16*l + 8. Let v be p(10). Suppose v - 160 = -4*i. Let g be (i + 52 + -4)/2. What is the greatest common factor of 46 and g?
23
Let a(g) = g**2 - 2*g - 24. Let q be a(-4). Let n(y) = 201 + 22 + 2*y + 173. Let l be n(q). Calculate the greatest common factor of l and 36.
36
Suppose 5*d = 12*d - 42. Suppose d*j - 704 = -5*j. Let w = 66 - 34. What is the highest common factor of w and j?
32
Suppose 76*o = 70*o. Suppose o = b + f - 48, -9 = b + 5*f - 57. Calculate the greatest common factor of b and 24.
24
Suppose 123 = -8*s + 195. Let a be (0 + 6)/(-3) + 3. Suppose i = 5*r - 5, -i - a = -r + 3*i. Calculate the highest common divisor of s and r.
1
Suppose 7*k - 11 = 52. Let s(c) = 12*c + 3*c**2 - 8 - k*c + 6. Let d be s(1). What is the highest common divisor of 32 and d?
4
Let w(f) = 177 - 74*f - 68*f + 143*f. Let n be w(21). What is the highest common factor of n and 44?
22
Let j(c) = c**2 - 510*c + 1018. Let h be j(2). Calculate the highest common factor of h and 722.
2
Let p = -3788 + 5753. Calculate the greatest common factor of p and 262.
131
Let n = -129 - -277. Suppose 0 =